{"id":21723,"date":"2024-10-03T16:15:22","date_gmt":"2024-10-03T22:15:22","guid":{"rendered":"https:\/\/dauch.com.mx\/?post_type=product&#038;p=21723"},"modified":"2024-10-12T00:01:20","modified_gmt":"2024-10-12T06:01:20","slug":"porta-usb-paleta","status":"publish","type":"product","link":"https:\/\/dauch.com.mx\/en\/gadgets\/porta-usb-paleta\/","title":{"rendered":"Porta USB Paleta"},"content":{"rendered":"<p><span data-sheets-root=\"1\">Destaca en tu espacio de trabajo con este<strong> porta USB<\/strong>\u00a0que parece <em>una paleta derretida<\/em>. Con un dise\u00f1o \u00fanico y creativo, este accesorio es m\u00e1s que funcional: es una pieza decorativa en tu escritorio. <\/span><\/p>\n<p><span data-sheets-root=\"1\">Perfecto para organizar tus dispositivos USB, este mantiene todo a la vista mientras le da un toque divertido y moderno a tu entorno.<\/span><\/p>\n<p><span data-sheets-root=\"1\">Agrega personalidad a tu <strong>oficina<\/strong> o <strong>estudio<\/strong> con este <strong>porta USB<\/strong> que combina funcionalidad con un dise\u00f1o inesperado y creativo. \u00a1Sorprende a todos con este accesorio fuera de lo com\u00fan!<br \/>\n<\/span><\/p>","protected":false},"excerpt":{"rendered":"<p><span data-sheets-root=\"1\"><strong>Porta USB<\/strong>\u00a0con dise\u00f1o de paleta derretida. <\/span><\/p>","protected":false},"featured_media":22052,"comment_status":"closed","ping_status":"closed","template":"","meta":{"_acf_changed":false},"product_brand":[],"product_cat":[60,67],"product_tag":[],"class_list":{"0":"post-21723","1":"product","2":"type-product","3":"status-publish","4":"has-post-thumbnail","6":"product_cat-gadgets","7":"product_cat-productos","8":"nt-post-class","9":"masonry-item","10":"col-lg-6","11":"nt-default-format-box","12":"post-box-type-masonry","13":"","15":"first","16":"instock","17":"shipping-taxable","18":"purchasable","19":"product-type-variable"},"acf":[],"_links":{"self":[{"href":"https:\/\/dauch.com.mx\/en\/wp-json\/wp\/v2\/product\/21723","targetHints":{"allow":["GET"]}}],"collection":[{"href":"https:\/\/dauch.com.mx\/en\/wp-json\/wp\/v2\/product"}],"about":[{"href":"https:\/\/dauch.com.mx\/en\/wp-json\/wp\/v2\/types\/product"}],"replies":[{"embeddable":true,"href":"https:\/\/dauch.com.mx\/en\/wp-json\/wp\/v2\/comments?post=21723"}],"version-history":[{"count":0,"href":"https:\/\/dauch.com.mx\/en\/wp-json\/wp\/v2\/product\/21723\/revisions"}],"wp:featuredmedia":[{"embeddable":true,"href":"https:\/\/dauch.com.mx\/en\/wp-json\/wp\/v2\/media\/22052"}],"wp:attachment":[{"href":"https:\/\/dauch.com.mx\/en\/wp-json\/wp\/v2\/media?parent=21723"}],"wp:term":[{"taxonomy":"product_brand","embeddable":true,"href":"https:\/\/dauch.com.mx\/en\/wp-json\/wp\/v2\/product_brand?post=21723"},{"taxonomy":"product_cat","embeddable":true,"href":"https:\/\/dauch.com.mx\/en\/wp-json\/wp\/v2\/product_cat?post=21723"},{"taxonomy":"product_tag","embeddable":true,"href":"https:\/\/dauch.com.mx\/en\/wp-json\/wp\/v2\/product_tag?post=21723"}],"curies":[{"name":"wp","href":"https:\/\/api.w.org\/{rel}","templated":true}]}}

<p><span data-sheets-root="1">Destaca en tu espacio de trabajo con este<strong> porta USB</strong> que parece <em>una paleta derretida</em>. Con un diseño único y creativo, este accesorio es más que funcional: es una pieza decorativa en tu escritorio. </span></p>
<p><span data-sheets-root="1">Perfecto para organizar tus dispositivos USB, este mantiene todo a la vista mientras le da un toque divertido y moderno a tu entorno.</span></p>
<p><span data-sheets-root="1">Agrega personalidad a tu <strong>oficina</strong> o <strong>estudio</strong> con este <strong>porta USB</strong> que combina funcionalidad con un diseño inesperado y creativo. ¡Sorprende a todos con este accesorio fuera de lo común!<br />
</span></p>

<p><span data-sheets-root="1"><strong>Porta USB</strong> con diseño de paleta derretida. </span></p>
